{"id":32,"date":"2019-09-10T13:57:12","date_gmt":"2019-09-10T11:57:12","guid":{"rendered":"https:\/\/www.siliceysalud.es\/?page_id=32"},"modified":"2021-01-19T07:08:07","modified_gmt":"2021-01-19T06:08:07","slug":"efectos-para-la-salud","status":"publish","type":"page","link":"https:\/\/www.siliceysalud.es\/index.php\/el-polvo-y-la-scr\/efectos-para-la-salud\/","title":{"rendered":"Efectos para la salud"},"content":{"rendered":"<p><div class=\"fusion-fullwidth fullwidth-box fusion-builder-row-1 hundred-percent-fullwidth non-hundred-percent-height-scrolling\" style=\"--awb-border-radius-top-left:0px;--awb-border-radius-top-right:0px;--awb-border-radius-bottom-right:0px;--awb-border-radius-bottom-left:0px;--awb-padding-right:0px;--awb-padding-left:0px;--awb-flex-wrap:wrap;\" ><div class=\"fusion-builder-row fusion-row\"><div class=\"fusion-layout-column fusion_builder_column fusion-builder-column-0 fusion_builder_column_1_1 1_1 fusion-one-full fusion-column-first fusion-column-last\" style=\"--awb-bg-size:cover;\"><div class=\"fusion-column-wrapper fusion-column-has-shadow fusion-flex-column-wrapper-legacy\"><div class=\"fusion-image-element fusion-image-align-center in-legacy-container\" style=\"text-align:center;--awb-caption-title-font-family:var(--h2_typography-font-family);--awb-caption-title-font-weight:var(--h2_typography-font-weight);--awb-caption-title-font-style:var(--h2_typography-font-style);--awb-caption-title-size:var(--h2_typography-font-size);--awb-caption-title-transform:var(--h2_typography-text-transform);--awb-caption-title-line-height:var(--h2_typography-line-height);--awb-caption-title-letter-spacing:var(--h2_typography-letter-spacing);\"><div class=\"imageframe-align-center\"><span class=\" fusion-imageframe imageframe-none imageframe-1 hover-type-zoomin\"><img decoding=\"async\" width=\"1920\" height=\"524\" title=\"Efectos salud-radio2\" src=\"https:\/\/www.siliceysalud.es\/wp-content\/uploads\/2019\/10\/Efectos-salud-radio2.jpg\" alt class=\"img-responsive wp-image-810\" srcset=\"https:\/\/www.siliceysalud.es\/wp-content\/uploads\/2019\/10\/Efectos-salud-radio2-200x55.jpg 200w, https:\/\/www.siliceysalud.es\/wp-content\/uploads\/2019\/10\/Efectos-salud-radio2-400x109.jpg 400w, https:\/\/www.siliceysalud.es\/wp-content\/uploads\/2019\/10\/Efectos-salud-radio2-600x164.jpg 600w, https:\/\/www.siliceysalud.es\/wp-content\/uploads\/2019\/10\/Efectos-salud-radio2-800x218.jpg 800w, https:\/\/www.siliceysalud.es\/wp-content\/uploads\/2019\/10\/Efectos-salud-radio2-1200x328.jpg 1200w, https:\/\/www.siliceysalud.es\/wp-content\/uploads\/2019\/10\/Efectos-salud-radio2.jpg 1920w\" sizes=\"(max-width: 800px) 100vw, 1200px\" \/><\/span><\/div><\/div><div class=\"fusion-clearfix\"><\/div><\/div><\/div><\/div><\/div><div class=\"fusion-fullwidth fullwidth-box fusion-builder-row-2 nonhundred-percent-fullwidth non-hundred-percent-height-scrolling\" style=\"--awb-border-radius-top-left:0px;--awb-border-radius-top-right:0px;--awb-border-radius-bottom-right:0px;--awb-border-radius-bottom-left:0px;--awb-flex-wrap:wrap;\" ><div class=\"fusion-builder-row fusion-row\"><div class=\"fusion-layout-column fusion_builder_column fusion-builder-column-1 fusion_builder_column_1_1 1_1 fusion-one-full fusion-column-first fusion-column-last\" style=\"--awb-bg-size:cover;--awb-margin-bottom:0px;\"><div class=\"fusion-column-wrapper fusion-flex-column-wrapper-legacy\"><div class=\"fusion-text fusion-text-1\"><p class=\"x_MsoNormal\" style=\"text-align: justify;\"><span style=\"font-family: helvetica, arial, sans-serif; font-size: 14pt;\" data-ogsc=\"rgb(0, 32, 96)\">La <a href=\"https:\/\/www.iarc.fr\/\">Agencia Internacional de Investigaci\u00f3n sobre el c\u00e1ncer<\/a>, desde el a\u00f1o 1997 ha venido emitiendo informes acerca de los posibles efectos cancer\u00edgenos de la inhalaci\u00f3n de polvo de s\u00edlice cristalina, obteniendo la conclusi\u00f3n de que exist\u00eda una correlaci\u00f3n entre la inhalaci\u00f3n de s\u00edlice cristalina en forma de cuarzo o cristobalita en exposiciones laborales y un incremento en el riesgo de c\u00e1ncer de pulm\u00f3n por lo que clasific\u00f3 la SCR como cancer\u00edgena de Grupo 1 \u201c<em>Cancer\u00edgeno para humanos<\/em>\u201d. El Comit\u00e9 cient\u00edfico europeo sobre l\u00edmites de exposici\u00f3n profesional, <a href=\"https:\/\/ec.europa.eu\/social\/main.jsp?catId=148&amp;intPageId=684&amp;langId=en\">SCOEL<\/a>, en su informe SCOEL\/SUM\/94 de noviembre de 2003, concluy\u00f3 que, \u201c<i>aunque el principal riesgo para los humanos derivado de la inhalaci\u00f3n de s\u00edlice cristalina respirable es la silicosis, existe informaci\u00f3n suficiente para concluir que el riesgo de adquirir c\u00e1ncer de pulm\u00f3n aumenta en personas con silicosis y aparentemente no sucede lo mismo en trabajadores sin silicosis expuestos al polvo de s\u00edlice<\/i>\u201d. En consecuencia, \u201cla prevenci\u00f3n de silicosis reducir\u00eda del riesgo de c\u00e1ncer de pulm\u00f3n.<\/span><\/p>\n<p class=\"x_MsoNormal\" style=\"text-align: justify;\"><span style=\"font-family: helvetica, arial, sans-serif; font-size: 14pt;\" data-ogsc=\"rgb(0, 32, 96)\">M\u00e1s recientemente, el <a href=\"https:\/\/www.insst.es\/\">Instituto Nacional de Seguridad y Salud en el Trabajo (INSST)<\/a> public\u00f3 en el a\u00f1o 2014 un trabajo sobre la evidencia cient\u00edfica relativa al riesgo de padecer c\u00e1ncer de pulm\u00f3n por la exposici\u00f3n laboral a s\u00edlice cristalina. En este estudio se recog\u00edan las numerosas investigaciones publicadas al respecto, concluy\u00e9ndose que las revisiones sistem\u00e1ticas de la literatura cient\u00edfica y los metaan\u00e1lisis de mayor calidad publicados hasta la fecha aceptaban, un\u00e1nimemente, la existencia de una relaci\u00f3n entre la exposici\u00f3n a s\u00edlice y el c\u00e1ncer de pulm\u00f3n, y que las evidencias parec\u00edan estar a favor de la existencia de un umbral de exposici\u00f3n.<\/span><\/p>\n<p class=\"x_MsoNormal\" style=\"text-align: justify;\"><span style=\"font-family: helvetica, arial, sans-serif; font-size: 14pt;\" data-ogsc=\"rgb(0, 32, 96)\">Con el objeto de prevenir de la forma m\u00e1s exigente posible este riesgo, en 2017, el Parlamento Europeo y el Consejo aprobaron la inclusi\u00f3n del \u201cpolvo respirable de s\u00edlice cristalina generado en procesos de trabajo\u201d en el \u00e1mbito normativo europeo de la prevenci\u00f3n de la exposici\u00f3n profesional a agentes cancer\u00edgenos y mut\u00e1genos (<a href=\"https:\/\/eur-lex.europa.eu\/legal-content\/ES\/TXT\/?uri=CELEX%3A32017L2398\">Directiva 2017\/2398<\/a>) y actualmente traspuesta a nivel nacional, siendo de aplicaci\u00f3n el <a href=\"https:\/\/www.boe.es\/eli\/es\/rd\/1997\/05\/12\/665\/con\">Real Decreto 665\/1997<\/a>.<\/span><\/p>\n<p class=\"x_MsoNormal\"><span style=\"font-size: 14pt; font-family: helvetica, arial, sans-serif;\">Es importante destacar que n<\/span><font face=\"helvetica, arial, sans-serif\"><span style=\"font-size: 14pt;\">ormalmente las personas que desarrollan su actividad en ambientes <\/span><span style=\"font-size: 18.6667px;\">polvorientos<\/span><span style=\"font-size: 14pt;\"> raras veces est\u00e1n expuestas a un polvo que contiene 100% s\u00edlice cristalina respirable.<\/span><\/font><\/p>\n<p style=\"text-align: justify;\"><span style=\"font-family: helvetica, arial, sans-serif; font-size: 14pt;\">El polvo que se respira en el lugar de trabajo est\u00e1 normalmente compuesto por una mezcla de s\u00edlice cristalina y otros materiales (<a href=\"https:\/\/www.nepsi.eu\">NEPSI. The European Network on Silica, 2006<\/a>).<\/span><\/p>\n<p style=\"text-align: justify;\"><span style=\"font-family: helvetica, arial, sans-serif; font-size: 14pt;\">La s\u00edlice (di\u00f3xido de silicio, formas cristalinas), debido a su poder pat\u00f3geno y a su abundancia en la corteza terrestre, es el principal protagonista en la mayor\u00eda de las neumoconiosis, entre las que se encuentra la silicosis.<\/span><\/p>\n<\/div><div class=\"fusion-clearfix\"><\/div><\/div><\/div><\/div><\/div><div class=\"fusion-fullwidth fullwidth-box fusion-builder-row-3 nonhundred-percent-fullwidth non-hundred-percent-height-scrolling\" style=\"--awb-border-radius-top-left:0px;--awb-border-radius-top-right:0px;--awb-border-radius-bottom-right:0px;--awb-border-radius-bottom-left:0px;--awb-flex-wrap:wrap;\" ><div class=\"fusion-builder-row fusion-row\"><div class=\"fusion-layout-column fusion_builder_column fusion-builder-column-2 fusion_builder_column_1_1 1_1 fusion-one-full fusion-column-first fusion-column-last\" style=\"--awb-bg-size:cover;\"><div class=\"fusion-column-wrapper fusion-column-has-shadow fusion-flex-column-wrapper-legacy\"><div class=\"accordian fusion-accordian\" style=\"--awb-border-size:1px;--awb-icon-size:13px;--awb-content-font-size:14px;--awb-icon-alignment:left;--awb-hover-color:#f9f9f9;--awb-border-color:#cccccc;--awb-background-color:#ffffff;--awb-divider-color:#e0dede;--awb-divider-hover-color:#e0dede;--awb-icon-color:#ffffff;--awb-title-color:#333333;--awb-content-color:#747474;--awb-icon-box-color:#333333;--awb-toggle-hover-accent-color:#6caae4;--awb-title-font-family:Arial, Helvetica, sans-serif;--awb-title-font-weight:400;--awb-title-font-style:normal;--awb-title-font-size:18px;--awb-content-font-family:Arial, Helvetica, sans-serif;--awb-content-font-style:normal;--awb-content-font-weight:400;\"><div class=\"panel-group fusion-toggle-icon-boxed\" id=\"accordion-32-1\"><div class=\"fusion-panel panel-default panel-f20f55927c8345bef fusion-toggle-has-divider\"><div class=\"panel-heading\"><h4 class=\"panel-title toggle\" id=\"toggle_f20f55927c8345bef\"><a aria-expanded=\"false\" aria-controls=\"f20f55927c8345bef\" role=\"button\" data-toggle=\"collapse\" data-parent=\"#accordion-32-1\" data-target=\"#f20f55927c8345bef\" href=\"#f20f55927c8345bef\"><span class=\"fusion-toggle-icon-wrapper\" aria-hidden=\"true\"><i class=\"fa-fusion-box active-icon awb-icon-minus\" aria-hidden=\"true\"><\/i><i class=\"fa-fusion-box inactive-icon awb-icon-plus\" aria-hidden=\"true\"><\/i><\/span><span class=\"fusion-toggle-heading\">\u00bfQu\u00e9 entendemos por neumoconiosis?<\/span><\/a><\/h4><\/div><div id=\"f20f55927c8345bef\" class=\"panel-collapse collapse \" aria-labelledby=\"toggle_f20f55927c8345bef\"><div class=\"panel-body toggle-content fusion-clearfix\">\n<p><span style=\"font-family: helvetica, arial, sans-serif; font-size: 14pt;\">Se definen las neumoconiosis como \u201cacumulaci\u00f3n de polvo en los pulmones y la reacci\u00f3n tisular patol\u00f3gica ante su presencia\u201d.<\/span><\/p>\n<p><span style=\"font-family: helvetica, arial, sans-serif; font-size: 14pt;\">Las neumoconiosis se pueden clasificar en: silicosis, silicatosis (incluye asbestosis), neumoconiosis de los trabajadores del carb\u00f3n y otras neumoconiosis. (Ministerio de Sanidad, Consumo y Bienestar Social, 2001).<\/span><\/p>\n<\/div><\/div><\/div><\/div><\/div><div class=\"fusion-clearfix\"><\/div><\/div><\/div><\/div><\/div><div class=\"fusion-fullwidth fullwidth-box fusion-builder-row-4 nonhundred-percent-fullwidth non-hundred-percent-height-scrolling\" style=\"--awb-border-radius-top-left:0px;--awb-border-radius-top-right:0px;--awb-border-radius-bottom-right:0px;--awb-border-radius-bottom-left:0px;--awb-flex-wrap:wrap;\" ><div class=\"fusion-builder-row fusion-row\"><div class=\"fusion-layout-column fusion_builder_column fusion-builder-column-3 fusion_builder_column_1_1 1_1 fusion-one-full fusion-column-first fusion-column-last\" style=\"--awb-bg-size:cover;\"><div class=\"fusion-column-wrapper fusion-column-has-shadow fusion-flex-column-wrapper-legacy\"><div class=\"fusion-text fusion-text-2\"><p style=\"text-align: justify;\"><span style=\"font-family: helvetica, arial, sans-serif; font-size: 14pt;\">La silicosis es un riesgo para la salud com\u00fanmente conocido, que ha sido asociado hist\u00f3ricamente con la inhalaci\u00f3n de polvo que contiene s\u00edlice (Fubini 1998).<\/span><\/p>\n<p style=\"text-align: justify;\"><span style=\"font-family: helvetica, arial, sans-serif; font-size: 14pt;\">La <a href=\"https:\/\/www.ilo.org\/safework\/areasofwork\/occupational-health\/WCMS_354286\/lang--es\/index.htm\"><strong>silicosis<\/strong><\/a> es uno de los tipos m\u00e1s comunes de neumoconiosis. Es una fibrosis nodular progresiva provocada por la sedimentaci\u00f3n de part\u00edculas respirables de s\u00edlice cristalina en los pulmones. La fibrosis resultante en la parte m\u00e1s interna de los pulmones puede provocar dificultades de respiraci\u00f3n y, en algunos casos, la muerte. <\/span><\/p>\n<p style=\"text-align: justify;\"><span style=\"font-family: helvetica, arial, sans-serif; font-size: 14pt;\">Las part\u00edculas m\u00e1s grandes (no respirables) tienen m\u00e1s probabilidad de posarse en las v\u00edas principales del sistema respiratorio y pueden ser eliminadas mediante la acci\u00f3n de las mucosas (HSE 1998).<\/span><\/p>\n<p style=\"text-align: justify;\"><span style=\"font-family: helvetica, arial, sans-serif; font-size: 14pt;\">La silicosis es una de las enfermedades laborales m\u00e1s antiguas conocida en todo el mundo, y es provocada por la inhalaci\u00f3n de s\u00edlice cristalina respirable (Stacey P. 2005) (<a href=\"https:\/\/www.nepsi.eu\/es\">NEPSI. The European Network on Silica, 2006<\/a>).<\/span><\/p>\n<p style=\"text-align: justify;\"><span style=\"font-family: helvetica, arial, sans-serif; font-size: 14pt;\">Las formas cl\u00ednicas en las que se puede presentar, seg\u00fan el <a href=\"https:\/\/www.mscbs.gob.es\/ciudadanos\/saludAmbLaboral\/docs\/silicosis.pdf\" target=\"_blank\" rel=\"noopener noreferrer\">protocolo de vigilancia de la salud de silicosis<\/a> son:<\/span><\/p>\n<ul style=\"text-align: justify;\">\n<li><span style=\"font-family: helvetica, arial, sans-serif; font-size: 14pt;\">Silicosis cr\u00f3nica.<\/span><\/li>\n<li><span style=\"font-family: helvetica, arial, sans-serif; font-size: 14pt;\">Silicosis aguda.<\/span><\/li>\n<li><span style=\"font-family: helvetica, arial, sans-serif; font-size: 14pt;\">Silicosis acelerada.<\/span><\/li>\n<\/ul>\n<\/div><div class=\"fusion-clearfix\"><\/div><\/div><\/div><\/div><\/div><div class=\"fusion-fullwidth fullwidth-box fusion-builder-row-5 nonhundred-percent-fullwidth non-hundred-percent-height-scrolling\" style=\"--awb-border-radius-top-left:0px;--awb-border-radius-top-right:0px;--awb-border-radius-bottom-right:0px;--awb-border-radius-bottom-left:0px;--awb-padding-right:0px;--awb-padding-left:0px;--awb-flex-wrap:wrap;\" ><div class=\"fusion-builder-row fusion-row\"><div class=\"fusion-layout-column fusion_builder_column fusion-builder-column-4 fusion_builder_column_1_3 1_3 fusion-one-third fusion-column-first\" style=\"--awb-bg-size:cover;--awb-margin-bottom:0px;width:33.333333333333%;width:calc(33.333333333333% - ( ( 4% + 4% ) * 0.33333333333333 ) );margin-right: 4%;\"><div class=\"fusion-column-wrapper fusion-column-has-shadow fusion-flex-column-wrapper-legacy\"><div class=\"fusion-text fusion-text-3\"><table style=\"border-collapse: collapse; width: 100%;\">\n<tbody>\n<tr>\n<td style=\"width: 100%; background-color: #00098b; text-align: center;\"><span style=\"color: #ffffff;\"><strong><span style=\"font-family: helvetica, arial, sans-serif; font-size: 14pt;\">TIPOS, SIGNOS Y S\u00cdNTOMAS<\/span><\/strong><\/span><\/td>\n<\/tr>\n<\/tbody>\n<\/table>\n<\/div><div class=\"fusion-flip-boxes flip-boxes row fusion-columns-1 flip-effect-classic\"><div class=\"fusion-flip-box-wrapper fusion-column col-lg-12 col-md-12 col-sm-12\"><div class=\"fusion-flip-box flip-right\" tabindex=\"0\"><div class=\"flip-box-inner-wrapper\"><div class=\"flip-box-front\" style=\"--awb-title-front-color:#ffffff;--awb-text-front-color:#ffffff;\"><div class=\"flip-box-front-inner\"><div class=\"flip-box-grafix flip-box-image\"><img decoding=\"async\" src=\"https:\/\/www.siliceysalud.es\/wp-content\/uploads\/2019\/10\/EFECTOS-SALUD-RECORTADA-2.jpg\" width=\"1437\" height=\"1080\" alt=\"\" \/><\/div><\/div><\/div><div class=\"flip-box-back\" style=\"--awb-background-color-back:#6caae4;\"><div class=\"flip-box-back-inner\">\n<p style=\"text-align: left;\"><span style=\"font-family: helvetica, arial, sans-serif; font-size: 14pt;\">Se pueden presentar tres tipos de silicosis, que suelen estar relacionadas con las concentraciones de s\u00edlice cristalina en el ambiente.<\/span><\/p>\n<p style=\"text-align: left;\"><span style=\"color: #ffffff;\"><a style=\"color: #ffffff;\" href=\"https:\/\/www.siliceysalud.es\/index.php\/el-polvo-y-la-scr\/efectos-para-la-salud\/tipos-signos-y-sintomas\/\"><span style=\"font-family: helvetica, arial, sans-serif; font-size: 14pt;\"><i class=\"fb-icon-element-1 fb-icon-element fontawesome-icon fa-angle-double-right fas circle-yes fusion-text-flow\" style=\"--awb-circlebordersize:1px;--awb-font-size:28.16px;--awb-width:56.32px;--awb-height:56.32px;--awb-line-height:54.32px;--awb-margin-right:16px;\"><\/i><\/span><\/a><\/span><a href=\"https:\/\/www.siliceysalud.es\/index.php\/el-polvo-y-la-scr\/efectos-para-la-salud\/tipos-signos-y-sintomas\/\"><span style=\"font-family: helvetica, arial, sans-serif; font-size: 14pt;\">Sigue leyendo<\/span><\/a><\/p>\n<\/div><\/div><\/div><\/div><\/div><\/div><div class=\"clearfix\"><\/div><div class=\"fusion-clearfix\"><\/div><\/div><\/div><div class=\"fusion-layout-column fusion_builder_column fusion-builder-column-5 fusion_builder_column_1_3 1_3 fusion-one-third\" style=\"--awb-bg-size:cover;--awb-margin-bottom:0px;width:33.333333333333%;width:calc(33.333333333333% - ( ( 4% + 4% ) * 0.33333333333333 ) );margin-right: 4%;\"><div class=\"fusion-column-wrapper fusion-column-has-shadow fusion-flex-column-wrapper-legacy\"><div class=\"fusion-text fusion-text-4\"><table style=\"border-collapse: collapse; width: 103.735%;\">\n<tbody>\n<tr>\n<td style=\"width: 100%; background-color: #00098b; text-align: center;\"><span style=\"color: #ffffff;\"><strong><span style=\"font-family: helvetica, arial, sans-serif; font-size: 14pt;\">DETECCI\u00d3N Y TRATAMIENTO<\/span><\/strong><\/span><\/td>\n<\/tr>\n<\/tbody>\n<\/table>\n<\/div><div class=\"fusion-flip-boxes flip-boxes row fusion-columns-1 flip-effect-classic\"><div class=\"fusion-flip-box-wrapper fusion-column col-lg-12 col-md-12 col-sm-12\"><div class=\"fusion-flip-box flip-right\" tabindex=\"0\"><div class=\"flip-box-inner-wrapper\"><div class=\"flip-box-front\"><div class=\"flip-box-front-inner\"><div class=\"flip-box-grafix flip-box-image\"><img decoding=\"async\" src=\"https:\/\/www.siliceysalud.es\/wp-content\/uploads\/2019\/12\/auscultar-pulmones.jpg\" width=\"1920\" height=\"1443\" alt=\"\" \/><\/div><\/div><\/div><div class=\"flip-box-back\" style=\"--awb-background-color-back:#6caae4;--awb-text-back-color:#ffffff;\"><div class=\"flip-box-back-inner\">\n<p style=\"text-align: left;\"><span style=\"font-family: helvetica, arial, sans-serif; font-size: 14pt;\">La detecci\u00f3n precoz puede disminuir la probabilidad de que la silicosis se agrave.<\/span><\/p>\n<p style=\"text-align: left;\"><a href=\"https:\/\/www.siliceysalud.es\/index.php\/el-polvo-y-la-scr\/efectos-para-la-salud\/deteccion-y-tratamiento\/\"><span style=\"font-family: helvetica, arial, sans-serif; font-size: 14pt;\"><i class=\"fb-icon-element-2 fb-icon-element fontawesome-icon fa-angle-double-right fas circle-yes fusion-text-flow\" style=\"--awb-circlebordersize:1px;--awb-font-size:28.16px;--awb-width:56.32px;--awb-height:56.32px;--awb-line-height:54.32px;--awb-margin-right:16px;\"><\/i>Sigue leyendo<\/span><\/a><\/p>\n<\/div><\/div><\/div><\/div><\/div><\/div><div class=\"clearfix\"><\/div><div class=\"fusion-clearfix\"><\/div><\/div><\/div><div class=\"fusion-layout-column fusion_builder_column fusion-builder-column-6 fusion_builder_column_1_3 1_3 fusion-one-third fusion-column-last\" style=\"--awb-bg-size:cover;--awb-margin-bottom:0px;width:33.333333333333%;width:calc(33.333333333333% - ( ( 4% + 4% ) * 0.33333333333333 ) );\"><div class=\"fusion-column-wrapper fusion-column-has-shadow fusion-flex-column-wrapper-legacy\"><div class=\"fusion-text fusion-text-5\"><table style=\"border-collapse: collapse; width: 104.979%;\">\n<tbody>\n<tr>\n<td style=\"width: 100%; background-color: #00098b; text-align: center;\"><span style=\"color: #ffffff; font-family: helvetica, arial, sans-serif;\"><span style=\"font-size: 18.6667px;\"><b>ELIMINACI\u00d3N NATURAL<\/b><\/span><\/span><\/td>\n<\/tr>\n<\/tbody>\n<\/table>\n<\/div><div class=\"fusion-flip-boxes flip-boxes row fusion-columns-1 flip-effect-classic\"><div class=\"fusion-flip-box-wrapper fusion-column col-lg-12 col-md-12 col-sm-12\"><div class=\"fusion-flip-box flip-right\" tabindex=\"0\"><div class=\"flip-box-inner-wrapper\"><div class=\"flip-box-front\"><div class=\"flip-box-front-inner\"><div class=\"flip-box-grafix flip-box-image\"><img decoding=\"async\" src=\"https:\/\/www.siliceysalud.es\/wp-content\/uploads\/2019\/10\/infeccion-respiratoria2-1.jpg\" width=\"1444\" height=\"1080\" alt=\"\" \/><\/div><\/div><\/div><div class=\"flip-box-back\" style=\"--awb-background-color-back:#6caae4;--awb-text-back-color:#ffffff;\"><div class=\"flip-box-back-inner\">\n<p style=\"text-align: left;\"><span style=\"font-family: helvetica, arial, sans-serif; font-size: 14pt;\">El cuerpo puede retener y limitar el riesgo de exposici\u00f3n al polvo de s\u00edlice cristalina.<\/span><\/p>\n<p style=\"text-align: left;\"><a href=\"https:\/\/www.siliceysalud.es\/index.php\/el-polvo-y-la-scr\/efectos-para-la-salud\/eliminacion-natural\/\"><span style=\"font-family: helvetica, arial, sans-serif; font-size: 14pt;\"><i class=\"fb-icon-element-3 fb-icon-element fontawesome-icon fa-angle-double-right fas circle-yes fusion-text-flow\" style=\"--awb-circlebordersize:1px;--awb-font-size:28.16px;--awb-width:56.32px;--awb-height:56.32px;--awb-line-height:54.32px;--awb-margin-right:16px;\"><\/i>Sigue leyendo<\/span><\/a><\/p>\n<\/div><\/div><\/div><\/div><\/div><\/div><div class=\"clearfix\"><\/div><div class=\"fusion-clearfix\"><\/div><\/div><\/div><\/div><\/div><div class=\"fusion-fullwidth fullwidth-box fusion-builder-row-6 nonhundred-percent-fullwidth non-hundred-percent-height-scrolling\" style=\"--awb-border-radius-top-left:0px;--awb-border-radius-top-right:0px;--awb-border-radius-bottom-right:0px;--awb-border-radius-bottom-left:0px;--awb-flex-wrap:wrap;\" ><div class=\"fusion-builder-row fusion-row\"><div class=\"fusion-layout-column fusion_builder_column fusion-builder-column-7 fusion_builder_column_1_1 1_1 fusion-one-full fusion-column-first fusion-column-last\" style=\"--awb-bg-size:cover;\"><div class=\"fusion-column-wrapper fusion-column-has-shadow fusion-flex-column-wrapper-legacy\"><div class=\"fusion-text fusion-text-6\"><table style=\"border-collapse: collapse; width: 100%;\">\n<tbody>\n<tr>\n<td style=\"width: 2.39808%; text-align: left;\"><span style=\"font-family: helvetica, arial, sans-serif; font-size: 14pt;\"><i class=\"fb-icon-element-4 fb-icon-element fontawesome-icon fa-angle-double-right fas circle-yes fusion-text-flow\" style=\"--awb-circlecolor:#00098b;--awb-circlecolor-hover:#00098b;--awb-circlebordercolor:#6caae4;--awb-circlebordercolor-hover:#6caae4;--awb-circlebordersize:1px;--awb-font-size:17.6px;--awb-width:35.2px;--awb-height:35.2px;--awb-line-height:33.2px;--awb-margin-right:10px;\"><\/i><\/span><\/td>\n<td style=\"width: 97.6019%;\"><span style=\"font-size: 12pt;\"><a href=\"https:\/\/www.siliceysalud.es\/\"><strong><span style=\"font-family: helvetica, arial, sans-serif;\">Vuelve al men\u00fa principal<\/span><\/strong><\/a><\/span><\/td>\n<\/tr>\n<\/tbody>\n<\/table>\n<\/div><div class=\"fusion-clearfix\"><\/div><\/div><\/div><\/div><\/div><\/p>\n","protected":false},"excerpt":{"rendered":"","protected":false},"author":1,"featured_media":0,"parent":25,"menu_order":0,"comment_status":"closed","ping_status":"closed","template":"100-width.php","meta":{"_exactmetrics_skip_tracking":false,"_exactmetrics_sitenote_active":false,"_exactmetrics_sitenote_note":"","_exactmetrics_sitenote_category":0,"footnotes":""},"class_list":["post-32","page","type-page","status-publish","hentry"],"_links":{"self":[{"href":"https:\/\/www.siliceysalud.es\/index.php\/wp-json\/wp\/v2\/pages\/32","targetHints":{"allow":["GET"]}}],"collection":[{"href":"https:\/\/www.siliceysalud.es\/index.php\/wp-json\/wp\/v2\/pages"}],"about":[{"href":"https:\/\/www.siliceysalud.es\/index.php\/wp-json\/wp\/v2\/types\/page"}],"author":[{"embeddable":true,"href":"https:\/\/www.siliceysalud.es\/index.php\/wp-json\/wp\/v2\/users\/1"}],"replies":[{"embeddable":true,"href":"https:\/\/www.siliceysalud.es\/index.php\/wp-json\/wp\/v2\/comments?post=32"}],"version-history":[{"count":45,"href":"https:\/\/www.siliceysalud.es\/index.php\/wp-json\/wp\/v2\/pages\/32\/revisions"}],"predecessor-version":[{"id":3012,"href":"https:\/\/www.siliceysalud.es\/index.php\/wp-json\/wp\/v2\/pages\/32\/revisions\/3012"}],"up":[{"embeddable":true,"href":"https:\/\/www.siliceysalud.es\/index.php\/wp-json\/wp\/v2\/pages\/25"}],"wp:attachment":[{"href":"https:\/\/www.siliceysalud.es\/index.php\/wp-json\/wp\/v2\/media?parent=32"}],"curies":[{"name":"wp","href":"https:\/\/api.w.org\/{rel}","templated":true}]}}