{"id":65,"date":"2019-09-10T14:03:52","date_gmt":"2019-09-10T12:03:52","guid":{"rendered":"https:\/\/www.siliceysalud.es\/?page_id=65"},"modified":"2021-01-19T07:06:59","modified_gmt":"2021-01-19T06:06:59","slug":"tipos-signos-y-sintomas","status":"publish","type":"page","link":"https:\/\/www.siliceysalud.es\/index.php\/el-polvo-y-la-scr\/efectos-para-la-salud\/tipos-signos-y-sintomas\/","title":{"rendered":"Tipos, signos y s\u00edntomas"},"content":{"rendered":"<p><div class=\"fusion-fullwidth fullwidth-box fusion-builder-row-1 nonhundred-percent-fullwidth non-hundred-percent-height-scrolling\" style=\"--awb-border-radius-top-left:0px;--awb-border-radius-top-right:0px;--awb-border-radius-bottom-right:0px;--awb-border-radius-bottom-left:0px;--awb-flex-wrap:wrap;\" ><div class=\"fusion-builder-row fusion-row\"><div class=\"fusion-layout-column fusion_builder_column fusion-builder-column-0 fusion_builder_column_1_1 1_1 fusion-one-full fusion-column-first fusion-column-last\" style=\"--awb-bg-size:cover;\"><div class=\"fusion-column-wrapper fusion-column-has-shadow fusion-flex-column-wrapper-legacy\"><div class=\"fusion-text fusion-text-1\"><p style=\"text-align: justify;\"><span style=\"font-family: helvetica, arial, sans-serif; font-size: 14pt;\">Se pueden presentar tres tipos de silicosis, que suelen estar relacionadas con las concentraciones de s\u00edlice cristalina en el ambiente, sin olvidar la posible fibrosis pulmonar intersticial y la posibilidad de sufrir c\u00e1ncer de pulm\u00f3n, tal y como viene recogido en el <a href=\"https:\/\/www.boe.es\/eli\/es\/rd\/2018\/05\/04\/257\" target=\"_blank\" rel=\"noopener noreferrer\">Real Decreto 257\/2018<\/a>.<\/span><\/p>\n<\/div><div class=\"fusion-clearfix\"><\/div><\/div><\/div><\/div><\/div><div class=\"fusion-fullwidth fullwidth-box fusion-builder-row-2 nonhundred-percent-fullwidth non-hundred-percent-height-scrolling\" style=\"--awb-border-radius-top-left:0px;--awb-border-radius-top-right:0px;--awb-border-radius-bottom-right:0px;--awb-border-radius-bottom-left:0px;--awb-flex-wrap:wrap;\" ><div class=\"fusion-builder-row fusion-row\"><div class=\"fusion-layout-column fusion_builder_column fusion-builder-column-1 fusion_builder_column_1_1 1_1 fusion-one-full fusion-column-first fusion-column-last\" style=\"--awb-bg-size:cover;\"><div class=\"fusion-column-wrapper fusion-column-has-shadow fusion-flex-column-wrapper-legacy\"><div class=\"fusion-tabs fusion-tabs-1 classic nav-is-justified horizontal-tabs icon-position-left mobile-mode-accordion\" style=\"--awb-title-border-radius-top-left:0px;--awb-title-border-radius-top-right:0px;--awb-title-border-radius-bottom-right:0px;--awb-title-border-radius-bottom-left:0px;--awb-inactive-color:#9d9c9c;--awb-background-color:#ffffff;--awb-border-color:#ebeaea;--awb-active-border-color:#9d9c9c;\"><div class=\"nav\"><ul class=\"nav-tabs nav-justified\" role=\"tablist\" aria-orientation=\"horizontal\"><li class=\"active\" role=\"presentation\"><a class=\"tab-link\" data-toggle=\"tab\" role=\"tab\" aria-controls=\"tab-3e10d82c9ebc3a7699b\" aria-selected=\"true\" tabindex=\"0\" id=\"fusion-tab-3e10d82c9ebc3a7699b\" href=\"#tab-3e10d82c9ebc3a7699b\"><h4 class=\"fusion-tab-heading\"><i class=\"fontawesome-icon fa-egg fas\" aria-hidden=\"true\" style=\"font-size:13px;\"><\/i>SILICOSIS CR\u00d3NICA<\/h4><\/a><\/li><li  role=\"presentation\"><a class=\"tab-link\" data-toggle=\"tab\" role=\"tab\" aria-controls=\"tab-9cf576ecedc3b41dc40\" aria-selected=\"false\" tabindex=\"-1\" id=\"fusion-tab-9cf576ecedc3b41dc40\" href=\"#tab-9cf576ecedc3b41dc40\"><h4 class=\"fusion-tab-heading\"><i class=\"fontawesome-icon fa-egg fas\" aria-hidden=\"true\" style=\"font-size:13px;\"><\/i>SILICOSIS AGUDA<\/h4><\/a><\/li><li  role=\"presentation\"><a class=\"tab-link\" data-toggle=\"tab\" role=\"tab\" aria-controls=\"tab-5983c79ee7cd3b30ebb\" aria-selected=\"false\" tabindex=\"-1\" id=\"fusion-tab-5983c79ee7cd3b30ebb\" href=\"#tab-5983c79ee7cd3b30ebb\"><h4 class=\"fusion-tab-heading\"><i class=\"fontawesome-icon fa-egg fas\" aria-hidden=\"true\" style=\"font-size:13px;\"><\/i>SILICOSIS ACELERADA<\/h4><\/a><\/li><li  role=\"presentation\"><a class=\"tab-link\" data-toggle=\"tab\" role=\"tab\" aria-controls=\"tab-a2144cd5a3623721b97\" aria-selected=\"false\" tabindex=\"-1\" id=\"fusion-tab-a2144cd5a3623721b97\" href=\"#tab-a2144cd5a3623721b97\"><h4 class=\"fusion-tab-heading\"><i class=\"fontawesome-icon fa-egg fas\" aria-hidden=\"true\" style=\"font-size:13px;\"><\/i>FIBROSIS PULMONAR INTERSTICIAL<\/h4><\/a><\/li><li  role=\"presentation\"><a class=\"tab-link\" data-toggle=\"tab\" role=\"tab\" aria-controls=\"tab-c6d0a7ddad1a42e0be7\" aria-selected=\"false\" tabindex=\"-1\" id=\"fusion-tab-c6d0a7ddad1a42e0be7\" href=\"#tab-c6d0a7ddad1a42e0be7\"><h4 class=\"fusion-tab-heading\"><i class=\"fontawesome-icon fa-egg fas\" aria-hidden=\"true\" style=\"font-size:13px;\"><\/i>CANCER DE PULM\u00d3N<\/h4><\/a><\/li><\/ul><\/div><div class=\"tab-content\"><div class=\"nav fusion-mobile-tab-nav\"><ul class=\"nav-tabs nav-justified\" role=\"tablist\" aria-orientation=\"horizontal\"><li class=\"active\" role=\"presentation\"><a class=\"tab-link\" data-toggle=\"tab\" role=\"tab\" aria-controls=\"tab-3e10d82c9ebc3a7699b\" aria-selected=\"true\" tabindex=\"0\" id=\"mobile-fusion-tab-3e10d82c9ebc3a7699b\" href=\"#tab-3e10d82c9ebc3a7699b\"><h4 class=\"fusion-tab-heading\"><i class=\"fontawesome-icon fa-egg fas\" aria-hidden=\"true\" style=\"font-size:13px;\"><\/i>SILICOSIS CR\u00d3NICA<\/h4><\/a><\/li><\/ul><\/div><div class=\"tab-pane fade fusion-clearfix in active\" role=\"tabpanel\" tabindex=\"0\" aria-labelledby=\"fusion-tab-3e10d82c9ebc3a7699b\" id=\"tab-3e10d82c9ebc3a7699b\">\n<p style=\"text-align: justify;\"><span style=\"font-family: helvetica, arial, sans-serif; font-size: 14pt;\">Habitualmente la enfermedad presenta una evoluci\u00f3n cr\u00f3nica y aparece despu\u00e9s de una exposici\u00f3n de varios a\u00f1os a veces cesada la exposici\u00f3n. Entidades como el <a href=\"http:\/\/www.ins.es\/\">INS<\/a> apuntan que la enfermedad profesional puede darse en 10-15 a\u00f1os.<\/span><\/p>\n<p style=\"text-align: justify;\"><span style=\"font-family: helvetica, arial, sans-serif; font-size: 14pt;\">Esta forma cr\u00f3nica tiene a su vez dos formas cl\u00ednicas: Simple y Complicada. La silicosis simple se caracteriza por un patr\u00f3n nodular en la radiograf\u00eda de t\u00f3rax y la forma complicada por la presencia de masas llamadas de Fibrosis Masiva Progresiva (FMP).<\/span><\/p>\n<p style=\"text-align: justify;\"><span style=\"font-family: helvetica, arial, sans-serif; font-size: 14pt;\">La relaci\u00f3n entre la exposici\u00f3n y la enfermedad se ha establecido mediante estudios epidemiol\u00f3gicos, y ha permitido definir unos l\u00edmites de exposici\u00f3n compatibles con un riesgo razonable de enfermar.<\/span><\/p>\n<p style=\"text-align: justify;\"><span style=\"font-family: helvetica, arial, sans-serif; font-size: 14pt;\">De manera m\u00e1s detallada, esta forma cr\u00f3nica tiene a su vez dos formas cl\u00ednicas:<\/span><\/p>\n<div class=\"accordian fusion-accordian\" style=\"--awb-border-size:1px;--awb-icon-size:13px;--awb-content-font-size:14px;--awb-icon-alignment:left;--awb-hover-color:#f9f9f9;--awb-border-color:#cccccc;--awb-background-color:#ffffff;--awb-divider-color:#e0dede;--awb-divider-hover-color:#e0dede;--awb-icon-color:#ffffff;--awb-title-color:#333333;--awb-content-color:#747474;--awb-icon-box-color:#333333;--awb-toggle-hover-accent-color:#6caae4;--awb-title-font-family:Arial, Helvetica, sans-serif;--awb-title-font-weight:400;--awb-title-font-style:normal;--awb-title-font-size:18px;--awb-content-font-family:Arial, Helvetica, sans-serif;--awb-content-font-style:normal;--awb-content-font-weight:400;\"><div class=\"panel-group fusion-toggle-icon-boxed\" id=\"accordion-65-1\"><div class=\"fusion-panel panel-default panel-b4a06453e084e0938 fusion-toggle-has-divider\"><div class=\"panel-heading\"><h4 class=\"panel-title toggle\" id=\"toggle_b4a06453e084e0938\"><a aria-expanded=\"false\" aria-controls=\"b4a06453e084e0938\" role=\"button\" data-toggle=\"collapse\" data-parent=\"#accordion-65-1\" data-target=\"#b4a06453e084e0938\" href=\"#b4a06453e084e0938\"><span class=\"fusion-toggle-icon-wrapper\" aria-hidden=\"true\"><i class=\"fa-fusion-box active-icon awb-icon-minus\" aria-hidden=\"true\"><\/i><i class=\"fa-fusion-box inactive-icon awb-icon-plus\" aria-hidden=\"true\"><\/i><\/span><span class=\"fusion-toggle-heading\">SIMPLE<\/span><\/a><\/h4><\/div><div id=\"b4a06453e084e0938\" class=\"panel-collapse collapse \" aria-labelledby=\"toggle_b4a06453e084e0938\"><div class=\"panel-body toggle-content fusion-clearfix\">\n<ul>\n<li><span style=\"font-family: helvetica, arial, sans-serif; font-size: 14pt;\">Se caracteriza por un patr\u00f3n nodular en la radiograf\u00eda de t\u00f3rax, en la que se observan n\u00f3dulos menores de 1 cm.<\/span><\/li>\n<li><span style=\"font-family: helvetica, arial, sans-serif; font-size: 14pt;\">No suele producir sintomatolog\u00eda ni cambios en la esperanza de vida respecto a la poblaci\u00f3n general.<\/span><\/li>\n<li><span style=\"font-family: helvetica, arial, sans-serif; font-size: 14pt;\">La mayor complicaci\u00f3n es su evoluci\u00f3n a silicosis complicada, cuya probabilidad aumenta en relaci\u00f3n con unas mayores concentraciones en la exposici\u00f3n, a la confluencia con la TBC y a las profusiones elevadas en la radiograf\u00eda.<\/span><\/li>\n<li><span style=\"font-family: helvetica, arial, sans-serif; font-size: 14pt;\">No suele presentar, tampoco, decrementos significativos en la funci\u00f3n pulmonar.<\/span><\/li>\n<\/ul>\n<\/div><\/div><\/div><div class=\"fusion-panel panel-default panel-270897aefd5a66501 fusion-toggle-has-divider\"><div class=\"panel-heading\"><h4 class=\"panel-title toggle\" id=\"toggle_270897aefd5a66501\"><a aria-expanded=\"false\" aria-controls=\"270897aefd5a66501\" role=\"button\" data-toggle=\"collapse\" data-parent=\"#accordion-65-1\" data-target=\"#270897aefd5a66501\" href=\"#270897aefd5a66501\"><span class=\"fusion-toggle-icon-wrapper\" aria-hidden=\"true\"><i class=\"fa-fusion-box active-icon awb-icon-minus\" aria-hidden=\"true\"><\/i><i class=\"fa-fusion-box inactive-icon awb-icon-plus\" aria-hidden=\"true\"><\/i><\/span><span class=\"fusion-toggle-heading\">COMPLICADA<\/span><\/a><\/h4><\/div><div id=\"270897aefd5a66501\" class=\"panel-collapse collapse \" aria-labelledby=\"toggle_270897aefd5a66501\"><div class=\"panel-body toggle-content fusion-clearfix\">\n<ul>\n<li><span style=\"font-family: helvetica, arial, sans-serif; font-size: 14pt;\">Se caracteriza por la presencia de masas llamadas de Fibrosis Masiva Progresiva (FMP), en la que se observan n\u00f3dulos mayores de 1 cm.<\/span><\/li>\n<li><span style=\"font-family: helvetica, arial, sans-serif; font-size: 14pt;\">Sus s\u00edntomas principales son la tos cr\u00f3nica y la disnea, y disminuye la esperanza de vida de quien la padece.<\/span><\/li>\n<li><span style=\"font-family: helvetica, arial, sans-serif; font-size: 14pt;\">Los d\u00e9ficits, tanto obstructivos como restrictivos, son comunes en esta forma cl\u00ednica, lo mismo que una disminuci\u00f3n en la capacidad de difusi\u00f3n.<\/span><\/li>\n<li><span style=\"font-family: helvetica, arial, sans-serif; font-size: 14pt;\">Esta forma cl\u00ednica se puede complicar con tuberculosis pulmonar, con neumot\u00f3rax, con cavitaciones de las masas de fibrosis progresivas por necrosis de estas o por micobacterias, y con esclerodermia.<\/span><\/li>\n<\/ul>\n<\/div><\/div><\/div><\/div><\/div>\n<\/div><div class=\"nav fusion-mobile-tab-nav\"><ul class=\"nav-tabs nav-justified\" role=\"tablist\" aria-orientation=\"horizontal\"><li  role=\"presentation\"><a class=\"tab-link\" data-toggle=\"tab\" role=\"tab\" aria-controls=\"tab-9cf576ecedc3b41dc40\" aria-selected=\"false\" tabindex=\"-1\" id=\"mobile-fusion-tab-9cf576ecedc3b41dc40\" href=\"#tab-9cf576ecedc3b41dc40\"><h4 class=\"fusion-tab-heading\"><i class=\"fontawesome-icon fa-egg fas\" aria-hidden=\"true\" style=\"font-size:13px;\"><\/i>SILICOSIS AGUDA<\/h4><\/a><\/li><\/ul><\/div><div class=\"tab-pane fade fusion-clearfix\" role=\"tabpanel\" tabindex=\"0\" aria-labelledby=\"fusion-tab-9cf576ecedc3b41dc40\" id=\"tab-9cf576ecedc3b41dc40\">\n<p style=\"text-align: justify;\"><span style=\"font-family: helvetica, arial, sans-serif; font-size: 14pt;\">Es mucho menos com\u00fan que la cr\u00f3nica. <\/span><\/p>\n<p style=\"text-align: justify;\"><span style=\"font-family: helvetica, arial, sans-serif; font-size: 14pt;\">La silicosis aguda es una forma cl\u00ednica r\u00e1pidamente progresiva que puede evolucionar en corto per\u00edodo de tiempo despu\u00e9s de una exposici\u00f3n intensa a s\u00edlice libre, y puede verse en trabajadores con chorro de arena. Se parece a la proteinosis alveolar.<\/span><\/p>\n<p style=\"text-align: justify;\"><span style=\"font-family: helvetica, arial, sans-serif; font-size: 14pt;\">La sintomatolog\u00eda puede presentarse y desarrollarse en un periodo comprendido entre las pocas semanas y hasta los cinco a\u00f1os tras la exposici\u00f3n inicial. Es una forma cl\u00ednica de mal pron\u00f3stico.<\/span><\/p>\n<p style=\"text-align: justify;\"><span style=\"font-family: helvetica, arial, sans-serif; font-size: 14pt;\">Las caracter\u00edsticas patol\u00f3gicas recuerdan a las de la proteinosis alveolar, y en ocasiones se la denomina silicoproteinosis. Radiol\u00f3gicamente se observa un patr\u00f3n acinar similar al edema de pulm\u00f3n.<\/span><\/p>\n<p style=\"text-align: justify;\"><span style=\"font-family: helvetica, arial, sans-serif; font-size: 14pt;\">Sus s\u00edntomas principales son: Tos, disnea severa y p\u00e9rdida de peso.<\/span><\/p>\n<\/div><div class=\"nav fusion-mobile-tab-nav\"><ul class=\"nav-tabs nav-justified\" role=\"tablist\" aria-orientation=\"horizontal\"><li  role=\"presentation\"><a class=\"tab-link\" data-toggle=\"tab\" role=\"tab\" aria-controls=\"tab-5983c79ee7cd3b30ebb\" aria-selected=\"false\" tabindex=\"-1\" id=\"mobile-fusion-tab-5983c79ee7cd3b30ebb\" href=\"#tab-5983c79ee7cd3b30ebb\"><h4 class=\"fusion-tab-heading\"><i class=\"fontawesome-icon fa-egg fas\" aria-hidden=\"true\" style=\"font-size:13px;\"><\/i>SILICOSIS ACELERADA<\/h4><\/a><\/li><\/ul><\/div><div class=\"tab-pane fade fusion-clearfix\" role=\"tabpanel\" tabindex=\"0\" aria-labelledby=\"fusion-tab-5983c79ee7cd3b30ebb\" id=\"tab-5983c79ee7cd3b30ebb\">\n<p style=\"text-align: justify;\"><span style=\"font-family: helvetica, arial, sans-serif; font-size: 14pt;\">La silicosis acelerada es otra forma cl\u00ednica, no bien definida, intermedia entre la aguda y la cr\u00f3nica. Cl\u00ednicamente se parece a la forma aguda y anatomopatol\u00f3gicamente a la forma cr\u00f3nica.<\/span><\/p>\n<p style=\"text-align: justify;\"><span style=\"font-family: helvetica, arial, sans-serif; font-size: 14pt;\">Otras patolog\u00edas relacionadas con la exposici\u00f3n a s\u00edlice pueden ser:<\/span><\/p>\n<ul style=\"text-align: justify;\">\n<li><span style=\"font-size: 14pt; font-family: helvetica, arial, sans-serif;\">Tuberculosis<\/span><\/li>\n<li><span style=\"font-family: helvetica, arial, sans-serif; font-size: 14pt;\">C\u00e1ncer de pulm\u00f3n.<\/span><\/li>\n<li><span style=\"font-family: helvetica, arial, sans-serif; font-size: 14pt;\">Enfermedad pulmonar obstructiva cr\u00f3nica (EPOC).<\/span><\/li>\n<\/ul>\n<p style=\"text-align: justify;\"><span style=\"font-family: helvetica, arial, sans-serif; font-size: 14pt;\">Es una forma cl\u00ednica que aparece despu\u00e9s de 2 a 5 a\u00f1os a partir de la primera exposici\u00f3n. Est\u00e1 causada por altos niveles de exposici\u00f3n.<\/span><\/p>\n<p style=\"text-align: justify;\"><span style=\"font-family: helvetica, arial, sans-serif; font-size: 14pt;\">La silicosis acelerada tiende a progresar m\u00e1s r\u00e1pidamente hacia la silicosis complicada (fibrosis masiva progresiva) y es m\u00e1s frecuente que se complique con una TBC que la silicosis cr\u00f3nica.<\/span><\/p>\n<p style=\"text-align: justify;\"><span style=\"font-family: helvetica, arial, sans-serif; font-size: 14pt;\">Radiol\u00f3gicamente suele observase un patr\u00f3n nodular de profusi\u00f3n elevada con r\u00e1pida evoluci\u00f3n a la coalescencia.<\/span><\/p>\n<p style=\"text-align: justify;\"><span style=\"font-family: helvetica, arial, sans-serif; font-size: 14pt;\">(Instituto Vasco de Seguridad y Salud Laborales (<a href=\"https:\/\/www.osalan.euskadi.eus\/osalan\/\">OSALAN<\/a>))<\/span><\/p>\n<\/div><div class=\"nav fusion-mobile-tab-nav\"><ul class=\"nav-tabs nav-justified\" role=\"tablist\" aria-orientation=\"horizontal\"><li  role=\"presentation\"><a class=\"tab-link\" data-toggle=\"tab\" role=\"tab\" aria-controls=\"tab-a2144cd5a3623721b97\" aria-selected=\"false\" tabindex=\"-1\" id=\"mobile-fusion-tab-a2144cd5a3623721b97\" href=\"#tab-a2144cd5a3623721b97\"><h4 class=\"fusion-tab-heading\"><i class=\"fontawesome-icon fa-egg fas\" aria-hidden=\"true\" style=\"font-size:13px;\"><\/i>FIBROSIS PULMONAR INTERSTICIAL<\/h4><\/a><\/li><\/ul><\/div><div class=\"tab-pane fade fusion-clearfix\" role=\"tabpanel\" tabindex=\"0\" aria-labelledby=\"fusion-tab-a2144cd5a3623721b97\" id=\"tab-a2144cd5a3623721b97\">\n<p style=\"text-align: justify;\"><span style=\"font-family: helvetica, arial, sans-serif; font-size: 14pt;\">Tambi\u00e9n denominada fibrosis difusa asociada a polvo inorg\u00e1nico. <\/span><\/p>\n<p style=\"text-align: justify;\"><span style=\"font-family: helvetica, arial, sans-serif; font-size: 14pt;\">El s\u00edntoma principal es la disnea, y su presentaci\u00f3n radiol\u00f3gica es muy similar a la fibrosis <\/span><span style=\"font-family: helvetica, arial, sans-serif; font-size: 14pt;\">pulmonar idiop\u00e1tica, aunque su supervivencia se estima que podr\u00eda ser mayor que en esta \u00faltima. <\/span><\/p>\n<p style=\"text-align: justify;\"><span style=\"font-family: helvetica, arial, sans-serif; font-size: 14pt;\">Esta forma de presentaci\u00f3n se observa con m\u00e1s frecuencia <\/span><span style=\"font-family: helvetica, arial, sans-serif; font-size: 14pt;\">en trabajadores expuestos a polvo mixto.<\/span><\/p>\n<\/div><div class=\"nav fusion-mobile-tab-nav\"><ul class=\"nav-tabs nav-justified\" role=\"tablist\" aria-orientation=\"horizontal\"><li  role=\"presentation\"><a class=\"tab-link\" data-toggle=\"tab\" role=\"tab\" aria-controls=\"tab-c6d0a7ddad1a42e0be7\" aria-selected=\"false\" tabindex=\"-1\" id=\"mobile-fusion-tab-c6d0a7ddad1a42e0be7\" href=\"#tab-c6d0a7ddad1a42e0be7\"><h4 class=\"fusion-tab-heading\"><i class=\"fontawesome-icon fa-egg fas\" aria-hidden=\"true\" style=\"font-size:13px;\"><\/i>CANCER DE PULM\u00d3N<\/h4><\/a><\/li><\/ul><\/div><div class=\"tab-pane fade fusion-clearfix\" role=\"tabpanel\" tabindex=\"0\" aria-labelledby=\"fusion-tab-c6d0a7ddad1a42e0be7\" id=\"tab-c6d0a7ddad1a42e0be7\">\n<p class=\"documento-tit\"><span style=\"font-family: helvetica, arial, sans-serif; font-size: 14pt;\">En el Anexo I del <a href=\"https:\/\/www.boe.es\/eli\/es\/rd\/2018\/05\/04\/257\">Real Decreto 257\/2018<\/a>, de 4 de mayo, por el que se modifica el <a href=\"https:\/\/www.boe.es\/eli\/es\/rd\/2006\/11\/10\/1299\/con\">Real Decreto 1299\/2006<\/a>, de 10 de noviembre, por el que se aprueba el cuadro de enfermedades profesionales en el sistema de la Seguridad Social y se establecen criterios para su notificaci\u00f3n y registro, aparece el polvo de s\u00edlice libre asociado al c\u00e1ncer de pulm\u00f3n tal y como se muestra en la tabla siguiente.<\/span><\/p>\n<p><img decoding=\"async\" class=\"aligncenter size-full wp-image-2655\" src=\"https:\/\/www.siliceysalud.es\/wp-content\/uploads\/2019\/12\/ANEXO_I.png\" alt=\"\" width=\"974\" height=\"411\" srcset=\"https:\/\/www.siliceysalud.es\/wp-content\/uploads\/2019\/12\/ANEXO_I-200x84.png 200w, https:\/\/www.siliceysalud.es\/wp-content\/uploads\/2019\/12\/ANEXO_I-300x127.png 300w, https:\/\/www.siliceysalud.es\/wp-content\/uploads\/2019\/12\/ANEXO_I-400x169.png 400w, https:\/\/www.siliceysalud.es\/wp-content\/uploads\/2019\/12\/ANEXO_I-600x253.png 600w, https:\/\/www.siliceysalud.es\/wp-content\/uploads\/2019\/12\/ANEXO_I-768x324.png 768w, https:\/\/www.siliceysalud.es\/wp-content\/uploads\/2019\/12\/ANEXO_I-800x338.png 800w, https:\/\/www.siliceysalud.es\/wp-content\/uploads\/2019\/12\/ANEXO_I.png 974w\" sizes=\"(max-width: 974px) 100vw, 974px\" \/><\/p>\n<\/div><\/div><\/div><div class=\"fusion-clearfix\"><\/div><\/div><\/div><\/div><\/div><div class=\"fusion-fullwidth fullwidth-box fusion-builder-row-3 fusion-flex-container nonhundred-percent-fullwidth non-hundred-percent-height-scrolling\" style=\"--awb-border-radius-top-left:0px;--awb-border-radius-top-right:0px;--awb-border-radius-bottom-right:0px;--awb-border-radius-bottom-left:0px;--awb-flex-wrap:wrap;\" ><div class=\"fusion-builder-row fusion-row fusion-flex-align-items-flex-start fusion-flex-content-wrap\" style=\"max-width:1144px;margin-left: calc(-4% \/ 2 );margin-right: calc(-4% \/ 2 );\"><div class=\"fusion-layout-column fusion_builder_column fusion-builder-column-2 fusion_builder_column_1_1 1_1 fusion-flex-column\" style=\"--awb-bg-size:cover;--awb-width-large:100%;--awb-margin-top-large:0px;--awb-spacing-right-large:1.92%;--awb-margin-bottom-large:20px;--awb-spacing-left-large:1.92%;--awb-width-medium:100%;--awb-order-medium:0;--awb-spacing-right-medium:1.92%;--awb-spacing-left-medium:1.92%;--awb-width-small:100%;--awb-order-small:0;--awb-spacing-right-small:1.92%;--awb-spacing-left-small:1.92%;\"><div class=\"fusion-column-wrapper fusion-column-has-shadow fusion-flex-justify-content-flex-start fusion-content-layout-column\"><div class=\"fusion-image-element \" style=\"--awb-caption-title-font-family:var(--h2_typography-font-family);--awb-caption-title-font-weight:var(--h2_typography-font-weight);--awb-caption-title-font-style:var(--h2_typography-font-style);--awb-caption-title-size:var(--h2_typography-font-size);--awb-caption-title-transform:var(--h2_typography-text-transform);--awb-caption-title-line-height:var(--h2_typography-line-height);--awb-caption-title-letter-spacing:var(--h2_typography-letter-spacing);\"><span class=\" fusion-imageframe imageframe-none imageframe-1 hover-type-none\"><img decoding=\"async\" width=\"1835\" height=\"541\" title=\"forma_clinica\" src=\"https:\/\/www.siliceysalud.es\/wp-content\/uploads\/2021\/01\/forma_clinica.jpg\" alt class=\"img-responsive wp-image-3009\" srcset=\"https:\/\/www.siliceysalud.es\/wp-content\/uploads\/2021\/01\/forma_clinica-200x59.jpg 200w, https:\/\/www.siliceysalud.es\/wp-content\/uploads\/2021\/01\/forma_clinica-400x118.jpg 400w, https:\/\/www.siliceysalud.es\/wp-content\/uploads\/2021\/01\/forma_clinica-600x177.jpg 600w, https:\/\/www.siliceysalud.es\/wp-content\/uploads\/2021\/01\/forma_clinica-800x236.jpg 800w, https:\/\/www.siliceysalud.es\/wp-content\/uploads\/2021\/01\/forma_clinica-1200x354.jpg 1200w, https:\/\/www.siliceysalud.es\/wp-content\/uploads\/2021\/01\/forma_clinica.jpg 1835w\" sizes=\"(max-width: 1024px) 100vw, (max-width: 640px) 100vw, 1200px\" \/><\/span><\/div><\/div><\/div><\/div><\/div><div class=\"fusion-fullwidth fullwidth-box fusion-builder-row-4 fusion-flex-container nonhundred-percent-fullwidth non-hundred-percent-height-scrolling\" style=\"--awb-border-radius-top-left:0px;--awb-border-radius-top-right:0px;--awb-border-radius-bottom-right:0px;--awb-border-radius-bottom-left:0px;--awb-flex-wrap:wrap;\" ><div class=\"fusion-builder-row fusion-row fusion-flex-align-items-flex-start fusion-flex-content-wrap\" style=\"max-width:1144px;margin-left: calc(-4% \/ 2 );margin-right: calc(-4% \/ 2 );\"><div class=\"fusion-layout-column fusion_builder_column fusion-builder-column-3 fusion_builder_column_1_1 1_1 fusion-flex-column\" style=\"--awb-bg-size:cover;--awb-width-large:100%;--awb-margin-top-large:0px;--awb-spacing-right-large:1.92%;--awb-margin-bottom-large:20px;--awb-spacing-left-large:1.92%;--awb-width-medium:100%;--awb-order-medium:0;--awb-spacing-right-medium:1.92%;--awb-spacing-left-medium:1.92%;--awb-width-small:100%;--awb-order-small:0;--awb-spacing-right-small:1.92%;--awb-spacing-left-small:1.92%;\"><div class=\"fusion-column-wrapper fusion-column-has-shadow fusion-flex-justify-content-flex-start fusion-content-layout-column\"><div class=\"fusion-text fusion-text-2\"><p><span style=\"font-family: helvetica, arial, sans-serif;\">Fuente: Protocolo de Vigilancia de la Salud de Silicosis. <\/span><\/p>\n<\/div><\/div><\/div><\/div><\/div><div class=\"fusion-fullwidth fullwidth-box fusion-builder-row-5 nonhundred-percent-fullwidth non-hundred-percent-height-scrolling\" style=\"--awb-border-radius-top-left:0px;--awb-border-radius-top-right:0px;--awb-border-radius-bottom-right:0px;--awb-border-radius-bottom-left:0px;--awb-flex-wrap:wrap;\" ><div class=\"fusion-builder-row fusion-row\"><div class=\"fusion-layout-column fusion_builder_column fusion-builder-column-4 fusion_builder_column_1_1 1_1 fusion-one-full fusion-column-first fusion-column-last\" style=\"--awb-bg-size:cover;\"><div class=\"fusion-column-wrapper fusion-column-has-shadow fusion-flex-column-wrapper-legacy\"><div class=\"fusion-text fusion-text-3\"><table style=\"border-collapse: collapse; width: 100%;\">\n<tbody>\n<tr>\n<td style=\"width: 2.39808%; text-align: right;\"><span style=\"font-family: helvetica, arial, sans-serif; font-size: 14pt;\"><i class=\"fb-icon-element-1 fb-icon-element fontawesome-icon fa-angle-double-right fas circle-yes fusion-text-flow\" style=\"--awb-circlecolor:#00098b;--awb-circlecolor-hover:#00098b;--awb-circlebordercolor:#6caae4;--awb-circlebordercolor-hover:#6caae4;--awb-circlebordersize:1px;--awb-font-size:17.6px;--awb-width:35.2px;--awb-height:35.2px;--awb-line-height:33.2px;--awb-margin-right:10px;\"><\/i><\/span><\/td>\n<td style=\"width: 97.6019%;\"><a href=\"https:\/\/www.siliceysalud.es\/index.php\/el-polvo-y-la-scr\/efectos-para-la-salud\/deteccion-y-tratamiento\/\"><strong><span style=\"font-family: helvetica, arial, sans-serif; font-size: 14pt;\"><span style=\"font-size: 12pt;\">Sigue leyendo detecci\u00f3n y tratamiento<\/span><\/span><\/strong><\/a><\/td>\n<\/tr>\n<\/tbody>\n<\/table>\n<\/div><div class=\"fusion-clearfix\"><\/div><\/div><\/div><\/div><\/div><\/p>\n","protected":false},"excerpt":{"rendered":"","protected":false},"author":1,"featured_media":0,"parent":32,"menu_order":0,"comment_status":"closed","ping_status":"closed","template":"100-width.php","meta":{"_exactmetrics_skip_tracking":false,"_exactmetrics_sitenote_active":false,"_exactmetrics_sitenote_note":"","_exactmetrics_sitenote_category":0,"footnotes":""},"class_list":["post-65","page","type-page","status-publish","hentry"],"_links":{"self":[{"href":"https:\/\/www.siliceysalud.es\/index.php\/wp-json\/wp\/v2\/pages\/65","targetHints":{"allow":["GET"]}}],"collection":[{"href":"https:\/\/www.siliceysalud.es\/index.php\/wp-json\/wp\/v2\/pages"}],"about":[{"href":"https:\/\/www.siliceysalud.es\/index.php\/wp-json\/wp\/v2\/types\/page"}],"author":[{"embeddable":true,"href":"https:\/\/www.siliceysalud.es\/index.php\/wp-json\/wp\/v2\/users\/1"}],"replies":[{"embeddable":true,"href":"https:\/\/www.siliceysalud.es\/index.php\/wp-json\/wp\/v2\/comments?post=65"}],"version-history":[{"count":27,"href":"https:\/\/www.siliceysalud.es\/index.php\/wp-json\/wp\/v2\/pages\/65\/revisions"}],"predecessor-version":[{"id":3011,"href":"https:\/\/www.siliceysalud.es\/index.php\/wp-json\/wp\/v2\/pages\/65\/revisions\/3011"}],"up":[{"embeddable":true,"href":"https:\/\/www.siliceysalud.es\/index.php\/wp-json\/wp\/v2\/pages\/32"}],"wp:attachment":[{"href":"https:\/\/www.siliceysalud.es\/index.php\/wp-json\/wp\/v2\/media?parent=65"}],"curies":[{"name":"wp","href":"https:\/\/api.w.org\/{rel}","templated":true}]}}