{"id":83,"date":"2019-09-11T13:05:52","date_gmt":"2019-09-11T11:05:52","guid":{"rendered":"https:\/\/www.siliceysalud.es\/?page_id=83"},"modified":"2023-10-20T11:32:39","modified_gmt":"2023-10-20T09:32:39","slug":"control","status":"publish","type":"page","link":"https:\/\/www.siliceysalud.es\/index.php\/evaluacion-de-riesgos\/control\/","title":{"rendered":"Control"},"content":{"rendered":"<p><div class=\"fusion-fullwidth fullwidth-box fusion-builder-row-1 hundred-percent-fullwidth non-hundred-percent-height-scrolling\" style=\"--awb-border-radius-top-left:0px;--awb-border-radius-top-right:0px;--awb-border-radius-bottom-right:0px;--awb-border-radius-bottom-left:0px;--awb-padding-right:0px;--awb-padding-left:0px;--awb-flex-wrap:wrap;\" ><div class=\"fusion-builder-row fusion-row\"><div class=\"fusion-layout-column fusion_builder_column fusion-builder-column-0 fusion_builder_column_1_1 1_1 fusion-one-full fusion-column-first fusion-column-last\" style=\"--awb-bg-size:cover;\"><div class=\"fusion-column-wrapper fusion-column-has-shadow fusion-flex-column-wrapper-legacy\"><div class=\"fusion-image-element fusion-image-align-center in-legacy-container\" style=\"text-align:center;--awb-caption-title-font-family:var(--h2_typography-font-family);--awb-caption-title-font-weight:var(--h2_typography-font-weight);--awb-caption-title-font-style:var(--h2_typography-font-style);--awb-caption-title-size:var(--h2_typography-font-size);--awb-caption-title-transform:var(--h2_typography-text-transform);--awb-caption-title-line-height:var(--h2_typography-line-height);--awb-caption-title-letter-spacing:var(--h2_typography-letter-spacing);\"><div class=\"imageframe-align-center\"><span class=\" fusion-imageframe imageframe-none imageframe-1 hover-type-zoomout\"><img decoding=\"async\" width=\"1920\" height=\"522\" src=\"https:\/\/www.siliceysalud.es\/wp-content\/uploads\/2019\/10\/Control-1.jpg\" alt class=\"img-responsive wp-image-977\" srcset=\"https:\/\/www.siliceysalud.es\/wp-content\/uploads\/2019\/10\/Control-1-200x54.jpg 200w, https:\/\/www.siliceysalud.es\/wp-content\/uploads\/2019\/10\/Control-1-400x109.jpg 400w, https:\/\/www.siliceysalud.es\/wp-content\/uploads\/2019\/10\/Control-1-600x163.jpg 600w, https:\/\/www.siliceysalud.es\/wp-content\/uploads\/2019\/10\/Control-1-800x218.jpg 800w, https:\/\/www.siliceysalud.es\/wp-content\/uploads\/2019\/10\/Control-1-1200x326.jpg 1200w, https:\/\/www.siliceysalud.es\/wp-content\/uploads\/2019\/10\/Control-1.jpg 1920w\" sizes=\"(max-width: 800px) 100vw, 1200px\" \/><\/span><\/div><\/div><div class=\"fusion-clearfix\"><\/div><\/div><\/div><\/div><\/div><div class=\"fusion-fullwidth fullwidth-box fusion-builder-row-2 nonhundred-percent-fullwidth non-hundred-percent-height-scrolling\" style=\"--awb-border-radius-top-left:0px;--awb-border-radius-top-right:0px;--awb-border-radius-bottom-right:0px;--awb-border-radius-bottom-left:0px;--awb-flex-wrap:wrap;\" ><div class=\"fusion-builder-row fusion-row\"><div class=\"fusion-layout-column fusion_builder_column fusion-builder-column-1 fusion_builder_column_1_1 1_1 fusion-one-full fusion-column-first fusion-column-last\" style=\"--awb-bg-size:cover;--awb-margin-bottom:0px;\"><div class=\"fusion-column-wrapper fusion-column-has-shadow fusion-flex-column-wrapper-legacy\"><div class=\"fusion-text fusion-text-1\"><p style=\"text-align: justify;\"><span style=\"font-family: helvetica, arial, sans-serif; font-size: 14pt;\">Para el control de la exposici\u00f3n de polvo de s\u00edlice se deben de tener en cuenta los siguientes valores l\u00edmite ambientales para la fracci\u00f3n respirable:<\/span><\/p>\n<ul style=\"text-align: justify;\">\n<li><span style=\"font-size: 14pt; font-family: helvetica, arial, sans-serif;\">S\u00edlice Cristalina (cuarzo): 0,05 mg\/m<sup>3<\/sup><\/span><\/li>\n<li><span style=\"font-size: 14pt; font-family: helvetica, arial, sans-serif;\">Polvo (part\u00edculas <em>&#8211; insolubles o poco solubles &#8211;<\/em> no clasificadas de otra forma): 3 mg\/m<sup>3<\/sup><\/span><\/li>\n<\/ul>\n<p style=\"text-align: justify;\"><span style=\"font-size: 14pt; font-family: helvetica, arial, sans-serif;\">Con el fin de tener un control de la exposici\u00f3n mantenido en el tiempo y para asegurar una exposici\u00f3n segura de los trabajadores, la evaluaci\u00f3n debe de ser continuada, es decir, se deben de realizar tomas de muestras con cierta frecuencia para asegurarnos de que los trabajadores siempre est\u00e1n trabajando de forma segura.<br \/>\n<\/span><\/p>\n<p style=\"text-align: justify;\"><span style=\"font-size: 14pt; font-family: helvetica, arial, sans-serif;\">La actual <a href=\"https:\/\/www.google.com\/url?sa=t&amp;rct=j&amp;q=&amp;esrc=s&amp;source=web&amp;cd=1&amp;ved=2ahUKEwjgooLLsLzmAhUP6RoKHU93Ce8QFjAAegQIBBAC&amp;url=https%3A%2F%2Fwww.insst.es%2Fdocuments%2F94886%2F203536%2FGu%25C3%25ADa%2Bt%25C3%25A9cnica%2Bpara%2Bla%2Bevaluaci%25C3%25B3n%2By%2Bprevenci%25C3%25B3n%2Bde%2Blos%2Briesgos%2Brelacionados%2Bcon%2Bla%2Bexposici%25C3%25B3n%2Bdurante%2Bel%2Btrabajo%2Ba%2Bagentes%2Bcancer%25C3%25ADgenos%2Bo%2Bmut%25C3%25A1genos%2F3123850f-f2a6-4f7d-ba66-20203161b38e&amp;usg=AOvVaw1ek_fka7Cr1fxKhZSNbhTx\" rel=\"noopener noreferrer\">Gu\u00eda del INSST<\/a> sobre evaluaci\u00f3n de los riesgos relativos a los agentes cancer\u00edgenos recomienda realizar la reevaluaci\u00f3n de los riesgos cada 3 a\u00f1os. <\/span><span style=\"color: var(--body_typography-color); font-style: var(--body_typography-font-style,normal); font-weight: var(--body_typography-font-weight); letter-spacing: var(--body_typography-letter-spacing); font-family: helvetica, arial, sans-serif; font-size: 14pt; background-color: rgba(255, 255, 255, 0);\">En cualquier caso, se debe de seguir lo indicado en la <\/span><a style=\"font-style: var(--body_typography-font-style,normal); font-weight: var(--body_typography-font-weight); letter-spacing: var(--body_typography-letter-spacing); font-family: helvetica, arial, sans-serif; font-size: 14pt; background-color: rgba(255, 255, 255, 0);\" href=\"https:\/\/www.une.org\/encuentra-tu-norma\/busca-tu-norma\/norma\/?c=norma-une-en-689-2019-ac-2019-n0062148\">UNE EN 689<\/a><span style=\"color: var(--body_typography-color); font-style: var(--body_typography-font-style,normal); font-weight: var(--body_typography-font-weight); letter-spacing: var(--body_typography-letter-spacing); font-family: helvetica, arial, sans-serif; font-size: 14pt; background-color: rgba(255, 255, 255, 0);\">.<\/span><\/p>\n<p><span style=\"font-family: helvetica, arial, sans-serif; font-size: 14pt;\">Adem\u00e1s de las consideraciones anteriores deberemos de actualizar la evaluaci\u00f3n de riesgos:<\/span><\/p>\n<ul>\n<li><span style=\"font-family: helvetica, arial, sans-serif; font-size: 14pt;\">Cuando se produzcan modificaciones en las condiciones de trabajo que puedan aumentar el riesgo de exposici\u00f3n.<\/span><\/li>\n<li><span style=\"font-family: helvetica, arial, sans-serif; font-size: 14pt;\">En los casos que establece el apartado 1 del Art.6 del <a href=\"https:\/\/www.boe.es\/eli\/es\/rd\/1997\/01\/17\/39\/con\">Reglamento de los Servicios de Prevenci\u00f3n<\/a>:<\/span>\n<ul>\n<li><span style=\"font-family: helvetica, arial, sans-serif; font-size: 14pt;\">Cuando se hayan detectado da\u00f1os a la salud de los trabajadores.<\/span><\/li>\n<li><span style=\"font-family: helvetica, arial, sans-serif; font-size: 14pt;\">Cuando se haya apreciado a trav\u00e9s de los controles peri\u00f3dicos (incluidos los relativos a la vigilancia de la salud) que las actividades de prevenci\u00f3n puedan ser inadecuadas o insuficientes.<\/span><\/li>\n<\/ul>\n<\/li>\n<li><span style=\"font-family: helvetica, arial, sans-serif; font-size: 14pt;\">De forma peri\u00f3dica, seg\u00fan quede acordado entre la empresa y los representantes de los trabajadores.<\/span><\/li>\n<\/ul>\n<p><span style=\"font-family: helvetica, arial, sans-serif; font-size: 14pt;\">Para ello, se debe de considerar que la evaluaci\u00f3n debe ser actualizada peri\u00f3dicamente, para asegurar la conformidad continua con el VLA, ya que, pueden ocurrir cambios en la organizaci\u00f3n del trabajo (ventilaci\u00f3n, m\u00e9todos, experiencia, etc.\u2026) que podr\u00edan cambiar las circunstancias de evaluaci\u00f3n inicial.<\/span><\/p>\n<p style=\"text-align: justify;\"><span style=\"font-family: helvetica, arial, sans-serif; font-size: 14pt;\">Para determinar esta periodicidad, la norma requiere un m\u00ednimo de 6 mediciones. Por lo tanto, si nos hemos quedado en la prueba preliminar, el evaluador deber\u00e1 programar 3 mediciones adicionales.<\/span><\/p>\n<p style=\"text-align: justify;\"><span style=\"font-family: helvetica, arial, sans-serif; font-size: 14pt;\">Una vez realizadas estas mediciones, y ya con un m\u00ednimo de 6 valores de concentraci\u00f3n, se puede determinar la periodicidad de la pr\u00f3xima medici\u00f3n en base a este criterio:<\/span><\/p>\n<p><img decoding=\"async\" class=\"aligncenter wp-image-2241\" src=\"https:\/\/www.siliceysalud.es\/wp-content\/uploads\/2019\/10\/frecuencia.jpg\" alt=\"\" width=\"900\" height=\"358\" srcset=\"https:\/\/www.siliceysalud.es\/wp-content\/uploads\/2019\/10\/frecuencia-200x79.jpg 200w, https:\/\/www.siliceysalud.es\/wp-content\/uploads\/2019\/10\/frecuencia-300x119.jpg 300w, https:\/\/www.siliceysalud.es\/wp-content\/uploads\/2019\/10\/frecuencia-400x159.jpg 400w, https:\/\/www.siliceysalud.es\/wp-content\/uploads\/2019\/10\/frecuencia-600x238.jpg 600w, https:\/\/www.siliceysalud.es\/wp-content\/uploads\/2019\/10\/frecuencia-768x305.jpg 768w, https:\/\/www.siliceysalud.es\/wp-content\/uploads\/2019\/10\/frecuencia-800x318.jpg 800w, https:\/\/www.siliceysalud.es\/wp-content\/uploads\/2019\/10\/frecuencia.jpg 1004w\" sizes=\"(max-width: 900px) 100vw, 900px\" \/><\/p>\n<p style=\"text-align: justify;\"><span style=\"font-family: helvetica, arial, sans-serif; font-size: 14pt;\">En cualquier caso, todo el an\u00e1lisis y muestreo deber\u00eda ser iniciado desde cero siempre que var\u00eden las condiciones de trabajo: nuevos productos, m\u00e9todos de trabajo, operaciones, etc. no evaluadas con anterioridad.<\/span><\/p>\n<\/div><div class=\"fusion-clearfix\"><\/div><\/div><\/div><\/div><\/div><div class=\"fusion-fullwidth fullwidth-box fusion-builder-row-3 nonhundred-percent-fullwidth non-hundred-percent-height-scrolling\" style=\"--awb-border-radius-top-left:0px;--awb-border-radius-top-right:0px;--awb-border-radius-bottom-right:0px;--awb-border-radius-bottom-left:0px;--awb-flex-wrap:wrap;\" ><div class=\"fusion-builder-row fusion-row\"><div class=\"fusion-layout-column fusion_builder_column fusion-builder-column-2 fusion_builder_column_1_1 1_1 fusion-one-full fusion-column-first fusion-column-last\" style=\"--awb-bg-size:cover;\"><div class=\"fusion-column-wrapper fusion-column-has-shadow fusion-flex-column-wrapper-legacy\"><div class=\"accordian fusion-accordian\" style=\"--awb-border-size:1px;--awb-icon-size:13px;--awb-content-font-size:14px;--awb-icon-alignment:left;--awb-hover-color:#f9f9f9;--awb-border-color:#cccccc;--awb-background-color:#ffffff;--awb-divider-color:#e0dede;--awb-divider-hover-color:#e0dede;--awb-icon-color:#ffffff;--awb-title-color:#333333;--awb-content-color:#747474;--awb-icon-box-color:#333333;--awb-toggle-hover-accent-color:#6caae4;--awb-title-font-family:Arial, Helvetica, sans-serif;--awb-title-font-weight:400;--awb-title-font-style:normal;--awb-title-font-size:18px;--awb-content-font-family:Arial, Helvetica, sans-serif;--awb-content-font-style:normal;--awb-content-font-weight:400;\"><div class=\"panel-group fusion-toggle-icon-boxed\" id=\"accordion-83-1\"><div class=\"fusion-panel panel-default panel-73621081f92ddf776 fusion-toggle-has-divider\"><div class=\"panel-heading\"><h4 class=\"panel-title toggle\" id=\"toggle_73621081f92ddf776\"><a aria-expanded=\"false\" aria-controls=\"73621081f92ddf776\" role=\"button\" data-toggle=\"collapse\" data-parent=\"#accordion-83-1\" data-target=\"#73621081f92ddf776\" href=\"#73621081f92ddf776\"><span class=\"fusion-toggle-icon-wrapper\" aria-hidden=\"true\"><i class=\"fa-fusion-box active-icon awb-icon-minus\" aria-hidden=\"true\"><\/i><i class=\"fa-fusion-box inactive-icon awb-icon-plus\" aria-hidden=\"true\"><\/i><\/span><span class=\"fusion-toggle-heading\">Actividad incluida en el RGNBSM<\/span><\/a><\/h4><\/div><div id=\"73621081f92ddf776\" class=\"panel-collapse collapse \" aria-labelledby=\"toggle_73621081f92ddf776\"><div class=\"panel-body toggle-content fusion-clearfix\">\n<p><span style=\"font-family: helvetica, arial, sans-serif; font-size: 14pt;\">Las actividades reguladas por el RGNBSM deber\u00e1n tener en cuenta la periodicidad que determina la normativa de desarrollo ITC 02.0.02 aprobada por la Orden TED\/723\/2021, de 1 de julio.<\/span><\/p>\n<p><span style=\"font-size: 14pt;\"><span style=\"font-family: helvetica, arial, sans-serif;\">Esta ITC indica que la periodicidad de la toma de muestras ser\u00e1, al menos, de una vez cada cuatrimestre del a\u00f1o natural<\/span><span style=\"font-family: helvetica, arial, sans-serif;\">, en los puestos de trabajo en los que exista riesgo de exposici\u00f3n a polvo.<\/span><\/span><\/p>\n<\/div><\/div><\/div><\/div><\/div><div class=\"fusion-clearfix\"><\/div><\/div><\/div><\/div><\/div><div class=\"fusion-fullwidth fullwidth-box fusion-builder-row-4 nonhundred-percent-fullwidth non-hundred-percent-height-scrolling\" style=\"--awb-border-radius-top-left:0px;--awb-border-radius-top-right:0px;--awb-border-radius-bottom-right:0px;--awb-border-radius-bottom-left:0px;--awb-flex-wrap:wrap;\" ><div class=\"fusion-builder-row fusion-row\"><div class=\"fusion-layout-column fusion_builder_column fusion-builder-column-3 fusion_builder_column_1_1 1_1 fusion-one-full fusion-column-first fusion-column-last\" style=\"--awb-bg-size:cover;\"><div class=\"fusion-column-wrapper fusion-column-has-shadow fusion-flex-column-wrapper-legacy\"><div class=\"fusion-text fusion-text-2\"><table style=\"border-collapse: collapse; width: 100%;\">\n<tbody>\n<tr>\n<td style=\"width: 2.67977%; text-align: right;\"><span style=\"font-family: helvetica, arial, sans-serif; font-size: 14pt;\"><i class=\"fb-icon-element-1 fb-icon-element fontawesome-icon fa-angle-double-right fas circle-yes fusion-text-flow\" style=\"--awb-circlecolor:#00098b;--awb-circlecolor-hover:#00098b;--awb-circlebordercolor:#6caae4;--awb-circlebordercolor-hover:#6caae4;--awb-circlebordersize:1px;--awb-font-size:17.6px;--awb-width:35.2px;--awb-height:35.2px;--awb-line-height:33.2px;--awb-margin-right:10px;\"><\/i><\/span><\/td>\n<td style=\"width: 97.3202%;\"><a href=\"https:\/\/www.siliceysalud.es\/index.php\/evaluacion-de-riesgos\/verificacion\/\"><span style=\"font-size: 12pt;\"><strong><span style=\"font-family: helvetica, arial, sans-serif;\">Sigue leyendo sobre verificaci\u00f3n de la evaluaci\u00f3n<\/span><\/strong><\/span><\/a><\/td>\n<\/tr>\n<\/tbody>\n<\/table>\n<\/div><div class=\"fusion-clearfix\"><\/div><\/div><\/div><\/div><\/div><\/p>\n","protected":false},"excerpt":{"rendered":"","protected":false},"author":1,"featured_media":0,"parent":76,"menu_order":0,"comment_status":"closed","ping_status":"closed","template":"100-width.php","meta":{"_exactmetrics_skip_tracking":false,"_exactmetrics_sitenote_active":false,"_exactmetrics_sitenote_note":"","_exactmetrics_sitenote_category":0,"footnotes":""},"class_list":["post-83","page","type-page","status-publish","hentry"],"_links":{"self":[{"href":"https:\/\/www.siliceysalud.es\/index.php\/wp-json\/wp\/v2\/pages\/83","targetHints":{"allow":["GET"]}}],"collection":[{"href":"https:\/\/www.siliceysalud.es\/index.php\/wp-json\/wp\/v2\/pages"}],"about":[{"href":"https:\/\/www.siliceysalud.es\/index.php\/wp-json\/wp\/v2\/types\/page"}],"author":[{"embeddable":true,"href":"https:\/\/www.siliceysalud.es\/index.php\/wp-json\/wp\/v2\/users\/1"}],"replies":[{"embeddable":true,"href":"https:\/\/www.siliceysalud.es\/index.php\/wp-json\/wp\/v2\/comments?post=83"}],"version-history":[{"count":39,"href":"https:\/\/www.siliceysalud.es\/index.php\/wp-json\/wp\/v2\/pages\/83\/revisions"}],"predecessor-version":[{"id":3167,"href":"https:\/\/www.siliceysalud.es\/index.php\/wp-json\/wp\/v2\/pages\/83\/revisions\/3167"}],"up":[{"embeddable":true,"href":"https:\/\/www.siliceysalud.es\/index.php\/wp-json\/wp\/v2\/pages\/76"}],"wp:attachment":[{"href":"https:\/\/www.siliceysalud.es\/index.php\/wp-json\/wp\/v2\/media?parent=83"}],"curies":[{"name":"wp","href":"https:\/\/api.w.org\/{rel}","templated":true}]}}